{"id":6886,"date":"2016-09-25T06:23:24","date_gmt":"2016-09-25T06:23:24","guid":{"rendered":"http:\/\/www.yogatradizione.it\/?page_id=6886"},"modified":"2016-09-30T12:51:55","modified_gmt":"2016-09-30T12:51:55","slug":"ashtanga-yoga-di-patanjali","status":"publish","type":"page","link":"https:\/\/www.yogatradizione.it\/?page_id=6886","title":{"rendered":"Ashtanga Yoga di Patanjali"},"content":{"rendered":"<div class=\"wpb-content-wrapper\"><p>[vc_row][vc_column][vc_column_text]<\/p>\n<blockquote><p><span class=\"style3\">Yogas citta-vrtti-nirodhah <\/span><br \/>\nLo Yoga \u00e8 la soppressione delle modificazioni della mente<br \/>\nLo Yoga \u00e8 la sospensione delle vrtti in citta, cio\u00e8 la sospensione delle agitazioni mentali<br \/>\nLo Yoga \u00e8 quindi l\u2019immobilit\u00e0 della mente<\/p><\/blockquote>\n<p style=\"text-align: right;\">Patanjali \u00a0&#8211; Samadhi Pada\u00a0 I,2<\/p>\n<blockquote>\n<p style=\"text-align: left;\">Yama-niamasana-pranayama-pratyara-dharana-dhyana-samadhayo stav angani<br \/>\n( Ashtanga yoga )<br \/>\nLe astinenze, le osservanze, la positura, il controllo del respiro, l\u2019astrazione, la concentrazione, la contemplazione, la trance sono le otto parti (dell\u2019autodisciplina dello Yoga )<\/p>\n<div class=\"style4\" align=\"right\">Patanjali \u00a0&#8211; Samadhi Pada\u00a0 II,29<\/div>\n<\/blockquote>\n<div class=\"style4\" align=\"right\"><\/div>\n<blockquote>\n<div class=\"style4\" style=\"text-align: left;\" align=\"right\">Ahimsa-satyasteya-brahmacaryaparigraha Yamah ( Yama )<br \/>\nI voti di astinenza comprendono l\u2019astenersi dalla violenza, dalla falsit\u00e0, dal furto, dall\u2019incontinenza e dall\u2019avidit\u00e0<\/div>\n<div class=\"style4\" style=\"text-align: right;\" align=\"right\">Patanjali \u00a0&#8211; Samadhi Pada\u00a0 II,30<\/div>\n<\/blockquote>\n<div class=\"style4\" style=\"text-align: right;\" align=\"right\"><\/div>\n<blockquote>\n<div class=\"style4\" style=\"text-align: left;\" align=\"right\">Sauca-samtosa-tapah-svadhyayesvara-pranidhanani niyamah ( Niyama )<br \/>\nLa purezza, l\u2019appagamento, l\u2019austerit\u00e0, lo studio di s\u00e9 e l\u2019abbandono all\u2019Isvara (attenzione verso Dio) costituiscono le osservanze<\/div>\n<div class=\"style4\" style=\"text-align: right;\" align=\"right\">\n<div class=\"style4\" align=\"right\">Patanjali \u00a0&#8211; Samadhi Pada\u00a0 II,32<\/div>\n<\/div>\n<\/blockquote>\n<div class=\"style4\" style=\"text-align: left;\" align=\"right\"><\/div>\n<blockquote>\n<div class=\"style4\" style=\"text-align: left;\" align=\"right\">Stira-sukham asanam ( Asana )<br \/>\nLa positura (dovrebbe essere) stabile e comoda.<br \/>\nPrayatna-saithilyananta-samapattibhyam<br \/>\nMediante il rilassamento dello sforzo e la meditazione sul \u201csenza fine\u201d<br \/>\n(si domina una positura)<br \/>\nTato dvamdvanabhighatah<br \/>\nDa ci\u00f2, la mancanza di attacchi da parte delle coppie di opposti<\/div>\n<div class=\"style4\" style=\"text-align: right;\" align=\"right\">Patanjali \u00a0&#8211; Samadhi Pada\u00a0 II,46-48<\/div>\n<\/blockquote>\n<div class=\"style4\" style=\"text-align: right;\" align=\"right\"><\/div>\n<blockquote>\n<div class=\"style4\" style=\"text-align: left;\" align=\"right\">Tasmin sati svasa-prasvasayor gativicchedah pranayamah ( Pranayama )<br \/>\nCi\u00f2 essendo stato (compiuto) (segue il) pranayama, che \u00e8 la cessazione della inspirazione e della espirazione<br \/>\nBahyabhyantara-stambha-vrttir desakalasamkhyabhih paridrsto dirghasuksmah<br \/>\n(Esso si trova in) modificazione esterna, interna o soppressa; \u00e8 regolata dal luogo, dal tempo e dal numero, (e progressivamente diviene) prolungato e sottile.<\/div>\n<div class=\"style4\" style=\"text-align: right;\" align=\"right\">Patanjali \u00a0&#8211; Samadhi Pada\u00a0 II,49-50<\/div>\n<\/blockquote>\n<div class=\"style4\" style=\"text-align: right;\" align=\"right\"><\/div>\n<blockquote>\n<div class=\"style4\" style=\"text-align: left;\" align=\"right\">Sva-visayasamprayoge citta-svarupanukara ivendryanam pratyaharah ( Pratyahara )<br \/>\nIl pratyahara o astrazione \u00e8, per cos\u00ec dire, l\u2019imitazione della mente da parte dei sensi mediante il ritrarsi dai propri rispettivi oggetti.<br \/>\nTatah parama vasyatendriyanam<br \/>\nSegue allora il dominio assoluto sui sensi.<\/div>\n<div class=\"style4\" style=\"text-align: right;\" align=\"right\">Patanjali \u00a0&#8211; Samadhi Pada\u00a0 II,50<\/div>\n<\/blockquote>\n<div class=\"style4\" style=\"text-align: right;\" align=\"right\"><\/div>\n<blockquote>\n<div class=\"style4\" style=\"text-align: left;\" align=\"right\">Desa-bandhas cittasya dharana ( Dharana )<br \/>\nLa concentrazione \u00e8 il confinarsi della mente entro un\u2019area mentale limitata (oggetto della concentrazione)<\/div>\n<div class=\"style4\" style=\"text-align: right;\" align=\"right\">Patanjali &#8211; Vibbuti Pada III,1<\/div>\n<\/blockquote>\n<div class=\"style4\" style=\"text-align: right;\" align=\"right\"><\/div>\n<blockquote>\n<div class=\"style4\" style=\"text-align: left;\" align=\"right\">Tatra pratyayaikatanata dhyanam ( Dhyana )<br \/>\nIl flusso ininterrotto (della mente) verso l\u2019oggetto (scelto per la medizione) \u00e8 la contemplazione<\/div>\n<div class=\"style4\" style=\"text-align: right;\" align=\"right\">Patanjali &#8211; Vibbuti Pada III,2<\/div>\n<\/blockquote>\n<div class=\"style4\" style=\"text-align: left;\" align=\"right\"><\/div>\n<blockquote>\n<div class=\"style4\" style=\"text-align: left;\" align=\"right\">Tad evarthamatra-nirbhasam svarupa-sunyam iva samadhih ( Samadhi )<br \/>\nLa medesima (contemplazione), quando vi \u00e8 consapevolezza unicamente dell\u2019oggetto della meditazione e non di se stessa (della mente) \u00e8 il samadhi<\/div>\n<div class=\"style4\" style=\"text-align: right;\" align=\"right\">Patanjali &#8211; Vibbuti Pada III,3<\/div>\n<\/blockquote>\n<div class=\"style4\" style=\"text-align: right;\" align=\"right\"><\/div>\n<blockquote>\n<div class=\"style4\" style=\"text-align: left;\" align=\"right\">Samadhi-siddhir Isvara-pranidhanat<br \/>\nL\u2019atteggiamento del samadhi (deriva) dall\u2019abbandono a Dio<\/div>\n<div class=\"style4\" style=\"text-align: right;\" align=\"right\">Patanjali &#8211; Vibbuti Pada III,45<\/div>\n<\/blockquote>\n<p>[\/vc_column_text][\/vc_column][\/vc_row]<\/p>\n<\/div>","protected":false},"excerpt":{"rendered":"<p>[vc_row][vc_column][vc_column_text] Yogas citta-vrtti-nirodhah Lo Yoga \u00e8 la soppressione delle modificazioni della mente Lo Yoga \u00e8 la sospensione delle vrtti in citta, cio\u00e8 la sospensione delle agitazioni mentali Lo Yoga \u00e8 [&hellip;]<\/p>\n","protected":false},"author":1,"featured_media":0,"parent":0,"menu_order":0,"comment_status":"closed","ping_status":"closed","template":"","meta":{"footnotes":""},"class_list":["post-6886","page","type-page","status-publish","hentry"],"_links":{"self":[{"href":"https:\/\/www.yogatradizione.it\/index.php?rest_route=\/wp\/v2\/pages\/6886","targetHints":{"allow":["GET"]}}],"collection":[{"href":"https:\/\/www.yogatradizione.it\/index.php?rest_route=\/wp\/v2\/pages"}],"about":[{"href":"https:\/\/www.yogatradizione.it\/index.php?rest_route=\/wp\/v2\/types\/page"}],"author":[{"embeddable":true,"href":"https:\/\/www.yogatradizione.it\/index.php?rest_route=\/wp\/v2\/users\/1"}],"replies":[{"embeddable":true,"href":"https:\/\/www.yogatradizione.it\/index.php?rest_route=%2Fwp%2Fv2%2Fcomments&post=6886"}],"version-history":[{"count":4,"href":"https:\/\/www.yogatradizione.it\/index.php?rest_route=\/wp\/v2\/pages\/6886\/revisions"}],"predecessor-version":[{"id":6988,"href":"https:\/\/www.yogatradizione.it\/index.php?rest_route=\/wp\/v2\/pages\/6886\/revisions\/6988"}],"wp:attachment":[{"href":"https:\/\/www.yogatradizione.it\/index.php?rest_route=%2Fwp%2Fv2%2Fmedia&parent=6886"}],"curies":[{"name":"wp","href":"https:\/\/api.w.org\/{rel}","templated":true}]}}